*s - 17 = 0. What is the units digit of (-25)/(-2) + u/(-4)?
2
Suppose s - 2*s + 28 = 0. What is the units digit of s?
8
Suppose k - 3*k + 12 = 0. Let j = 0 + k. What is the units digit of j?
6
Suppose -y = 2*y - 3. What is the units digit of (12/1)/3 + y?
5
What is the units digit of (0 + 1/1)*19?
9
Suppose 0 = 2*o + 2, 66 = t + 4*o - 1. What is the tens digit of t?
7
Let p = -22 - -33. Let i = 14 - p. What is the units digit of i?
3
Suppose v - 20 = -3*z - 5, -10 = -v - 2*z. Let n be 20/(-6)*-3 - v. Suppose 3*d + 12 = 0, d = 3*f + 3*d - n. What is the units digit of f?
6
Suppose 3*d + 5 = -34. Let k = 18 + d. What is the units digit of k?
5
Let s(r) = 19*r - 23. What is the hundreds digit of s(8)?
1
Let s = -10 - -18. Let v be 18/s - (-4)/(-16). Let c = -1 + v. What is the units digit of c?
1
Let g(d) = -d + 8. Let p be g(5). Suppose s + 207 = 4*q, -p*q + 3*s = q - 205. What is the tens digit of q?
5
Suppose -49 - 11 = 4*i. Let v = 7 - i. Suppose v = 4*n - 10. What is the units digit of n?
8
Let l = 30 + 7. What is the tens digit of l/3 + 7/(-21)?
1
Let y(x) = -x**3 + x**2 + 5*x + 4. What is the tens digit of y(-4)?
6
Suppose -35 = -o + 11. What is the units digit of o?
6
Suppose r - 4*i = 45 + 2, 2*r - 2*i = 76. What is the tens digit of r?
3
Suppose 3*b - 9 = 6. Suppose b*r = -o + 146, -4*r - 3*o + 119 = -0*r. What is the tens digit of r?
2
Suppose 0*w + w = 3*l - 484, 5*l = w + 810. What is the tens digit of l?
6
Let t = 8 + -6. Let s(r) = t*r + 9 + r - 2*r. What is the units digit of s(-5)?
4
Let a = -5 - -8. Suppose -3*b - 2*i = -2*b - 9, 5*b = a*i + 58. What is the tens digit of b?
1
Suppose 1 = 2*p - 3*x + 10, 4*x - 20 = 0. Suppose -p*r - 95 = -5*o + 43, o - 26 = -r. What is the tens digit of o?
2
Suppose 1026 = -w + 10*w. What is the hundreds digit of w?
1
Let l = 431 - 205. What is the units digit of l?
6
Suppose 9 + 30 = 3*d. What is the units digit of d?
3
Suppose -25 = -5*s - 5*z, 2*s + 4*z = -5 + 17. Suppose 2*k - s*i = 0, -5*i - 1 = -5*k + 4. What is the units digit of k?
2
Let d be 36/(-5) + 4/20. Let t = d - -16. What is the units digit of t?
9
Let c be 4/((-3)/((-3)/1)). Suppose -c*t - 20 = -8*t. What is the units digit of t?
5
Let i be (-3 + 2)/(4/148). Let v = 65 + i. What is the tens digit of v?
2
Let f(w) = 4*w - 25. What is the units digit of f(21)?
9
Suppose -2*l + 2*s + 184 = 0, -26 = -l + 3*s + 66. Suppose -4*y + 0*y = -l. What is the units digit of y?
3
Suppose -3*f + 4*t - 74 = -5*f, -149 = -5*f - t. Let u = 16 + f. Suppose 5*w = -0*w + u. What is the units digit of w?
9
Let r(k) = k**2 - 2*k + 3. What is the units digit of r(4)?
1
Suppose -2*c - 2 = 0, v - 5*c + 55 = 4*v. What is the units digit of v?
0
Let g = 167 + -59. Suppose 5*r - g = -33. What is the tens digit of r?
1
Suppose m + 4*f + 22 = 3*m, -5*f - 20 = -m. Suppose -17 = -x + z, -x + m*z - 3 = -0*x. What is the units digit of x?
2
Let t(y) = -y**2 - 7*y - 4. Let o be t(-5). Suppose -9 = -5*m + o. Suppose -2*k - l = -14, -8 = -2*k + m*l + 14. What is the units digit of k?
8
Suppose 0 = 5*c + 55 + 145. Let j = -28 - c. What is the units digit of j?
2
Let f = -23 + 40. What is the units digit of f - 6*(-2)/4?
0
Let t = -65 - -92. What is the tens digit of t?
2
Suppose 3*c + 5*x = -3, -2*x = 4*c - x - 13. Suppose -c*s + 0*s = -104. What is the units digit of s?
6
Suppose q - 5*q = -20. What is the units digit of q?
5
Suppose g - 180 = k, -3*k = 2*g - 8*k - 351. What is the tens digit of g?
8
Suppose 4*p - 10 - 6 = 0. What is the units digit of p/(-14) - 37/(-7)?
5
Suppose -5*k + 36 = -4*k - 5*q, -2*q = -3*k + 69. Let d = 29 - k. What is the units digit of d?
8
Let d be 0/((-3)/(-3)*2). Suppose 2*z + 4 = d, -4*b + z = 3*z. Let u = b + 3. What is the units digit of u?
4
Let r be 14/4 + (-2)/(-4). Suppose -2*l = -5*n + 85, r*l = 4*n - 9 - 71. What is the tens digit of n?
1
Let q = -16 + 21. What is the units digit of q?
5
Let b = 26 + -10. Suppose 55 = 4*f + k, b = f + 2*k - k. Suppose 5 = 2*p - y, -y + f = -p + 5*p. What is the units digit of p?
3
Let w(o) = 2*o**2 - 2*o - 2. What is the tens digit of w(5)?
3
Let i = 1 + -4. Let m = i + 3. Suppose -2*n + 2 = m, n + 29 + 18 = 4*z. What is the tens digit of z?
1
Let v(t) = t**3 + 13*t**2 + 12*t + 15. Let x(d) = -d - 2. Let u be x(10). What is the tens digit of v(u)?
1
Let s = 7 - 10. What is the units digit of 11/2 + s/6?
5
Let d(i) = -i**3 - 5*i**2 + i + 4. Let t be d(-5). Let x be t - (2 + 16)/(-2). Suppose -u = 2*h, -2*u + 5*h = h - x. What is the units digit of u?
2
Suppose s = -2*y - 18, 5*s + 4*y = -y - 90. Suppose -5*l - 80 = -3*a, -3*a - 4*l + 117 - 19 = 0. Let w = a + s. What is the tens digit of w?
1
Suppose 6*a - 7*a + 68 = 0. What is the units digit of a?
8
Suppose -3*a = -4*l + 28, -l - 58 = -6*l - 2*a. Let b = l - -2. What is the tens digit of b?
1
Suppose -3*y - 9 = -4*y. Let k(q) = -q**2 + 13*q - 5. Let z be k(y). Let m = z + -12. What is the tens digit of m?
1
Let x(n) be the first derivative of n**3/3 + 3*n**2/2 + 5*n + 3. Suppose -4*j + 2 - 22 = 0. What is the units digit of x(j)?
5
Let g(q) = 3 + 0*q**3 - 5*q - q**3 + 1 - 6*q**2. Suppose -25 = 2*z - 3*f, 3*z - 8*z + f - 30 = 0. What is the units digit of g(z)?
4
Suppose 53 = 4*l - 47. Suppose -3 + l = 2*c. What is the units digit of c?
1
Let m = 4 + -2. Let z(l) = -3*l**2 + 3*l**m - 6*l - 4 - l**2. What is the units digit of z(-3)?
5
Suppose -9 = -5*k + 51. Suppose 2*f = 4*f + 4*z - k, 5*f + z = 21. Let q = f - 1. What is the units digit of q?
3
Let q(g) = -g**3 + 5*g**2 + 2*g - 7. Let z be q(5). Suppose 2 = -0*s + 2*s, 3*n = z*s + 51. What is the tens digit of n?
1
Suppose f - 137 = -4*c, 4*c = -0*c - 8. What is the tens digit of f?
4
Let g(t) = -t**3 + 16*t**2 + 20*t + 6. What is the tens digit of g(17)?
5
Let n = -48 + 134. What is the tens digit of n?
8
Let d(c) = -c**3 + 6*c**2 + 7*c + 2. Let x be d(7). Let s be (2/(-3))/(x/(-12)). Suppose -s*p + 3*p = -7. What is the units digit of p?
7
Let t(w) = w**2 - w - 2. Let o be t(-3). Suppose 0 = 4*j - o - 18. What is the units digit of j?
7
What is the tens digit of 7 + 6/3 - -4?
1
Suppose 2*w = -5*q + 43 + 35, 3*w - 54 = -3*q. What is the tens digit of q?
1
Let l be (-27)/(-6) - (-3)/6. Suppose -l*t = -3*m - 229, 4*t + m + m = 192. What is the tens digit of t?
4
Let o(a) = -6*a - 2. Let n be o(-1). Suppose 0 = -0*p + n*p - 152. What is the tens digit of p?
3
Let y = 4 - 0. What is the tens digit of 2/y*(-308)/(-7)?
2
Let j(r) = -r**2 - 3*r + 2. Let p be j(-3). Suppose 3*d = -15, -12 = -5*y - p*d + 23. What is the units digit of y?
9
Suppose 0*o - 1 = -q + 3*o, 0 = -5*q - 3*o + 23. What is the tens digit of 80/(-6)*(-6)/q?
2
Suppose 22*i - 19*i = 321. What is the hundreds digit of i?
1
Suppose -5*q = 2 - 17. Suppose -q*r + 3*i = -2*r - 15, 2*r - 3*i - 18 = 0. What is the units digit of r?
3
Let w(v) = 2*v - 7. Suppose 6 = -5*x + 46. What is the units digit of w(x)?
9
What is the tens digit of (-1*8*15/10)/(-1)?
1
Suppose 3*r + r = 0. Suppose -k - 2*k + 39 = r. What is the tens digit of k?
1
Suppose -y - w - 3 = 0, -22 + 7 = -4*y + 5*w. Let i = -18 - -23. Suppose y = i*l - 3*l - 20. What is the tens digit of l?
1
Suppose 4*x - 140 = -2*d, -3*d - 2*d + 382 = 2*x. What is the units digit of d?
8
Suppose 2*i = -5*a + 59, -2*i + 4*a + 46 + 58 = 0. What is the units digit of i?
2
Suppose -9*u = -4*u + 4*n - 984, 2*n + 808 = 4*u. What is the hundreds digit of u?
2
Let f be 59 - (-3 + (-2 - -8)). Suppose h + f = 2*h. What is the tens digit of h?
5
Suppose 4*i + 3*n - 47 = 0, -57 = i - 5*i - 5*n. Let b = 19 - i. What is the tens digit of b?
1
What is the units digit of (1 - -4) + -3 - -250?
2
Let s be 2/(2 + (-128)/66). Let g = -16 + s. Suppose 0 = -5*m + 2*w + w + g, -5*w - 7 = -3*m. What is the units digit of m?
4
Let s = -149 + 296. What is the hundreds digit of s?
1
Let l be (-1)/(-2) - (-11)/2. Let z be 1/l + (-22)/(-12). Let c = 3 - z. What is the units digit of c?
1
Let u = -14 - -21. What is the units digit of 1 - -1*(u + -2)?
6
Suppose 0 = 2*l - 6*l + 28. Suppose -13 + l = -2*v. What is the units digit of v?
3
Let p be (2 + -1)*(0 - 0). Let d be -1*2 + p + 0. What is the units digit of (5/1)/(-1 - d)?
5
Suppose n - 2*w = 8 + 6, -4*w = -8. What is the tens digit of n?
1
Let z be (-6)/(-1)